{"id":250,"date":"2021-09-21T17:35:38","date_gmt":"2021-09-21T15:35:38","guid":{"rendered":"http:\/\/proficon.monty.com\/?page_id=250"},"modified":"2023-06-06T00:04:51","modified_gmt":"2023-06-05T22:04:51","slug":"egyuttmukodes","status":"publish","type":"page","link":"https:\/\/www.proficon.sk\/hu\/egyuttmukodes\/","title":{"rendered":"Egy\u00fcttm\u0171k\u00f6d\u00e9s"},"content":{"rendered":"\n<section class=\"wp-block-group fy-section fy-section--partners is-layout-flow wp-block-group-is-layout-flow\">\n<header class=\"wp-block-group fy-section__header is-layout-flow wp-block-group-is-layout-flow\">\n<div class=\"wp-block-group fy-section__number is-layout-flow wp-block-group-is-layout-flow\">\n<p class=\"has-text-align-center\">1<\/p>\n<\/div>\n\n\n\n<h2 class=\"wp-block-heading has-text-align-center\"><strong>Legyen \u00d6n is a partner\u00fcnk<\/strong><\/h2>\n<\/header>\n\n\n\n<div class=\"wp-block-group fy-section__content fy-centerer fy-centerer-75 is-layout-flow wp-block-group-is-layout-flow\">\n<p class=\"has-text-align-center\">Az \u00e9p\u00edt\u00e9szet fejl\u0151dik \u00e9s folyamatosan \u00faj trendeket hoz. A jelenlegi modern st\u00edlus a fedetlen betonfel\u00fclet. Minimalista \u00e9s luxus benyom\u00e1st kelt. Ez\u00e9rt a l\u00e1tsz\u00f3beton term\u00e9kek sz\u00e9les sk\u00e1l\u00e1j\u00e1t dobtuk a piacra, amelyek k\u00f6z\u00fcl egyik sem ig\u00e9nyel befejez\u0151 fel\u00fcletkezel\u00e9st. K\u00fcl\u00f6nleges, m\u00e1rv\u00e1nyra eml\u00e9keztet\u0151 fel\u00fclet\u00fck van, ami megk\u00fcl\u00f6nb\u00f6zteti \u0151ket a piacon tal\u00e1lhat\u00f3 \u00f6sszes t\u00f6bbi term\u00e9kt\u0151l.<\/p>\n\n\n\n<p class=\"has-text-align-center\"><strong>B\u0151v\u00edtse portf\u00f3li\u00f3j\u00e1t egyed\u00fcl\u00e1ll\u00f3 l\u00e1tsz\u00f3beton term\u00e9kekkel.<\/strong><br><strong>Legyen az \u00fczleti partner\u00fcnk.<\/strong><\/p>\n\n\n\n<div class=\"wp-block-buttons is-horizontal is-content-justification-center is-layout-flex wp-container-core-buttons-is-layout-1 wp-block-buttons-is-layout-flex\">\n<div class=\"wp-block-button\"><a class=\"wp-block-button__link wp-element-button\" href=\"#kapcsolat\">Szeretn\u00e9k partner lenni<\/a><\/div>\n<\/div>\n<\/div>\n<\/section>\n\n\n\n<div class=\"wp-block-cover alignfull fy-section fy-section--partners-block fy-section--gradient\" style=\"padding-top:0px;padding-right:0px;padding-bottom:0px;padding-left:0px\"><span aria-hidden=\"true\" class=\"wp-block-cover__background has-background-dim-0 has-background-dim\"><\/span><img decoding=\"async\" class=\"wp-block-cover__image-background wp-image-389 fy-content__image fy-lazy js-lazy\" alt src=\"data:image\/svg+xml,%3Csvg%20width%3D%221080%22%20height%3D%221080%22%20xmlns%3D%22http:\/\/www.w3.org\/2000\/svg%22%20viewBox%3D%220%200%201080%201080%22%3E%3C\/svg%3E\" data-object-fit=\"cover\" width=\"1080\" height=\"1080\" data-src=\"https:\/\/www.proficon.sk\/hu\/wp-content\/uploads\/sites\/3\/2021\/09\/kruh.png\"><div class=\"fy-image-loading fy-image-loading--skeleton\" aria-hidden=\"true\"><\/div>\n<div class=\"wp-block-cover__inner-container is-layout-flow wp-block-cover-is-layout-flow\">\n<div class=\"wp-block-media-text has-media-on-the-right is-stacked-on-mobile\"><div class=\"wp-block-media-text__content\">\n<h3 class=\"wp-block-heading\">Aj\u00e1nlja egyedi blokkjainkat \u00fcgyfeleinek<\/h3>\n\n\n\n<p>A m\u0171hely\u00fcnk forradalmi blokkja egy olyan diz\u00e1jn blokk, amely nem ig\u00e9nyel tov\u00e1bbi \u00e9p\u00edt\u0151anyagokat vagy tov\u00e1bbi munk\u00e1t az \u00e9p\u00edtkez\u00e9s befejez\u00e9s\u00e9hez. Nincs sz\u00fcks\u00e9g penetr\u00e1ci\u00f3s bevonatra, ragaszt\u00f3ra, er\u0151s\u00edt\u0151 h\u00e1l\u00f3ra, vakolatra vagy fest\u00e9kre. Ez jelent\u0151s anyagi megtakar\u00edt\u00e1st \u00e9s a befejez\u0151 munk\u00e1ra ford\u00edtott id\u0151t takar\u00edt meg.<\/p>\n<\/div><figure class=\"wp-block-media-text__media\"><img decoding=\"async\" width=\"1024\" height=\"768\" src=\"https:\/\/www.proficon.sk\/hu\/wp-content\/uploads\/sites\/3\/2021\/09\/proficon-tvarnica-1024x768.png\" alt=\"Dizajnov\u00e1 tv\u00e1rnica Proficon\" class=\"wp-image-390 size-full fy-content__image fy-lazy js-lazy\" data-src=\"https:\/\/www.proficon.sk\/hu\/wp-content\/uploads\/sites\/3\/2021\/09\/proficon-tvarnica-1024x768.png\" srcset=\"https:\/\/www.proficon.sk\/hu\/wp-content\/uploads\/sites\/3\/2021\/09\/proficon-tvarnica-1024x768.png 1024w, https:\/\/www.proficon.sk\/hu\/wp-content\/uploads\/sites\/3\/2021\/09\/proficon-tvarnica-300x225.png 300w, https:\/\/www.proficon.sk\/hu\/wp-content\/uploads\/sites\/3\/2021\/09\/proficon-tvarnica-768x576.png 768w, https:\/\/www.proficon.sk\/hu\/wp-content\/uploads\/sites\/3\/2021\/09\/proficon-tvarnica-800x600.png 800w, https:\/\/www.proficon.sk\/hu\/wp-content\/uploads\/sites\/3\/2021\/09\/proficon-tvarnica.png 1280w\" sizes=\"(max-width: 1024px) 100vw, 1024px\" \/><div class=\"fy-image-loading fy-image-loading--skeleton\" aria-hidden=\"true\"><\/div>\n<\/figure><\/div>\n<\/div><\/div>\n","protected":false},"excerpt":{"rendered":"<p>1 Legyen \u00d6n is a partner\u00fcnk Az \u00e9p\u00edt\u00e9szet fejl\u0151dik \u00e9s folyamatosan \u00faj trendeket hoz. A jelenlegi modern st\u00edlus a fedetlen &#8230;<\/p>\n","protected":false},"author":1,"featured_media":391,"parent":0,"menu_order":40,"comment_status":"closed","ping_status":"closed","template":"template-partners.php","meta":{"powered_cache_disable_cache":false,"footnotes":""},"class_list":["post-250","page","type-page","status-publish","has-post-thumbnail","hentry"],"_links":{"self":[{"href":"https:\/\/www.proficon.sk\/hu\/wp-json\/wp\/v2\/pages\/250","targetHints":{"allow":["GET"]}}],"collection":[{"href":"https:\/\/www.proficon.sk\/hu\/wp-json\/wp\/v2\/pages"}],"about":[{"href":"https:\/\/www.proficon.sk\/hu\/wp-json\/wp\/v2\/types\/page"}],"author":[{"embeddable":true,"href":"https:\/\/www.proficon.sk\/hu\/wp-json\/wp\/v2\/users\/1"}],"replies":[{"embeddable":true,"href":"https:\/\/www.proficon.sk\/hu\/wp-json\/wp\/v2\/comments?post=250"}],"version-history":[{"count":9,"href":"https:\/\/www.proficon.sk\/hu\/wp-json\/wp\/v2\/pages\/250\/revisions"}],"predecessor-version":[{"id":515,"href":"https:\/\/www.proficon.sk\/hu\/wp-json\/wp\/v2\/pages\/250\/revisions\/515"}],"wp:featuredmedia":[{"embeddable":true,"href":"https:\/\/www.proficon.sk\/hu\/wp-json\/wp\/v2\/media\/391"}],"wp:attachment":[{"href":"https:\/\/www.proficon.sk\/hu\/wp-json\/wp\/v2\/media?parent=250"}],"curies":[{"name":"wp","href":"https:\/\/api.w.org\/{rel}","templated":true}]}}

Együttműködés

<section class="wp-block-group fy-section fy-section--partners is-layout-flow wp-block-group-is-layout-flow">
<header class="wp-block-group fy-section__header is-layout-flow wp-block-group-is-layout-flow">
<div class="wp-block-group fy-section__number is-layout-flow wp-block-group-is-layout-flow">
<p class="has-text-align-center">1</p>
</div>



<h2 class="wp-block-heading has-text-align-center"><strong>Legyen Ön is a partnerünk</strong></h2>
</header>



<div class="wp-block-group fy-section__content fy-centerer fy-centerer-75 is-layout-flow wp-block-group-is-layout-flow">
<p class="has-text-align-center">Az építészet fejlődik és folyamatosan új trendeket hoz. A jelenlegi modern stílus a fedetlen betonfelület. Minimalista és luxus benyomást kelt. Ezért a látszóbeton termékek széles skáláját dobtuk a piacra, amelyek közül egyik sem igényel befejező felületkezelést. Különleges, márványra emlékeztető felületük van, ami megkülönbözteti őket a piacon található összes többi terméktől.</p>



<p class="has-text-align-center"><strong>Bővítse portfólióját egyedülálló látszóbeton termékekkel.</strong><br><strong>Legyen az üzleti partnerünk.</strong></p>



<div class="wp-block-buttons is-horizontal is-content-justification-center is-layout-flex wp-container-core-buttons-is-layout-1 wp-block-buttons-is-layout-flex">
<div class="wp-block-button"><a class="wp-block-button__link wp-element-button" href="#kapcsolat">Szeretnék partner lenni</a></div>
</div>
</div>
</section>



<div class="wp-block-cover alignfull fy-section fy-section--partners-block fy-section--gradient" style="padding-top:0px;padding-right:0px;padding-bottom:0px;padding-left:0px"><span aria-hidden="true" class="wp-block-cover__background has-background-dim-0 has-background-dim"></span><img decoding="async" class="wp-block-cover__image-background wp-image-389 fy-content__image fy-lazy js-lazy" alt src="data:image/svg+xml,%3Csvg%20width%3D%221080%22%20height%3D%221080%22%20xmlns%3D%22http://www.w3.org/2000/svg%22%20viewBox%3D%220%200%201080%201080%22%3E%3C/svg%3E" data-object-fit="cover" width="1080" height="1080" data-src="https://www.proficon.sk/hu/wp-content/uploads/sites/3/2021/09/kruh.png"><div class="fy-image-loading fy-image-loading--skeleton" aria-hidden="true"></div>
<div class="wp-block-cover__inner-container is-layout-flow wp-block-cover-is-layout-flow">
<div class="wp-block-media-text has-media-on-the-right is-stacked-on-mobile"><div class="wp-block-media-text__content">
<h3 class="wp-block-heading">Ajánlja egyedi blokkjainkat ügyfeleinek</h3>



<p>A műhelyünk forradalmi blokkja egy olyan dizájn blokk, amely nem igényel további építőanyagokat vagy további munkát az építkezés befejezéséhez. Nincs szükség penetrációs bevonatra, ragasztóra, erősítő hálóra, vakolatra vagy festékre. Ez jelentős anyagi megtakarítást és a befejező munkára fordított időt takarít meg.</p>
</div><figure class="wp-block-media-text__media"><img decoding="async" width="1024" height="768" src="https://www.proficon.sk/hu/wp-content/uploads/sites/3/2021/09/proficon-tvarnica-1024x768.png" alt="Dizajnová tvárnica Proficon" class="wp-image-390 size-full fy-content__image fy-lazy js-lazy" data-src="https://www.proficon.sk/hu/wp-content/uploads/sites/3/2021/09/proficon-tvarnica-1024x768.png" srcset="https://www.proficon.sk/hu/wp-content/uploads/sites/3/2021/09/proficon-tvarnica-1024x768.png 1024w, https://www.proficon.sk/hu/wp-content/uploads/sites/3/2021/09/proficon-tvarnica-300x225.png 300w, https://www.proficon.sk/hu/wp-content/uploads/sites/3/2021/09/proficon-tvarnica-768x576.png 768w, https://www.proficon.sk/hu/wp-content/uploads/sites/3/2021/09/proficon-tvarnica-800x600.png 800w, https://www.proficon.sk/hu/wp-content/uploads/sites/3/2021/09/proficon-tvarnica.png 1280w" sizes="(max-width: 1024px) 100vw, 1024px" /><div class="fy-image-loading fy-image-loading--skeleton" aria-hidden="true"></div>
</figure></div>
</div></div>

<p>1 Legyen Ön is a partnerünk Az építészet fejlődik és folyamatosan új trendeket hoz. A jelenlegi modern stílus a fedetlen &#8230;</p>
